igit of j?
8
Let f = 11 - 7. Suppose 0 = f*a - y - 95, 3*a + 0*a + 3*y = 60. What is the tens digit of a?
2
Suppose -131 + 1877 = 3*x. What is the units digit of x?
2
Let b = -36 - 7. Let u = 123 + b. What is the tens digit of u?
8
Suppose 4*r + 2*f - 10 = 4*f, -3*f = -4*r + 7. Let u be 2/r*(13 + -3). Suppose 0 = -2*c - u*g + 5, -3*c - 3*g + 27 = -2*g. What is the units digit of c?
0
Suppose 0 = -2*t + 3*t + 59. What is the hundreds digit of (56/(-12) - (-2)/(-6))*t?
2
Let b(v) = -v**2 - 5*v - 2. Let f be b(-3). Suppose -29 = -f*i - 5. Suppose -2*p - i = 0, 2*o - 2*p = 3*p + 47. What is the units digit of o?
6
Let v(h) = 2*h**2 - 13*h**2 - h**3 + 17*h + 11 - 5*h. Let z be v(-12). Let q = z - 5. What is the units digit of q?
6
Suppose 0 = -4*l + 11*l + 189. Let w be (-5)/(-10)*(2 + 80). Let n = w + l. What is the tens digit of n?
1
Let i(t) = -t**3 + 11*t**2 - 18*t - 2. Let v be i(9). What is the units digit of 8*(-1 - 11/v)?
6
Let u be 890/6 - (-5)/(-15). Let i = 287 - u. What is the units digit of i?
9
Suppose -2*r - 3*v + 816 = -3423, 3*r + 5*v = 6357. What is the tens digit of r?
2
Let g(t) = 2*t**2 + 19*t - 6. Let q be (26 - 0)*(-1)/2. What is the tens digit of g(q)?
8
Let m be (-1)/(-2)*(14 + -8). What is the units digit of 106/((1 - m)/(1 + -4))?
9
Suppose -4*p - 2 = -2*z - 0, 1 = z. Let u = p - 0. Suppose -2*i = 6, l + 5*i + 8 = -u*l. What is the units digit of l?
7
Let c(w) = -w**3 - 10*w**2 + 24*w + 57. What is the tens digit of c(-14)?
0
Let x be 2*-566*2*3/(-12). Suppose 4*t + g - x = 0, -t = -g - 38 - 101. What is the hundreds digit of t?
1
Suppose 10*q - 5*q = 15. Suppose 330 = q*a - 45. What is the hundreds digit of a?
1
Let i(z) = 2*z. Let k = -4 + 15. Suppose -k - 3 = -2*m. What is the tens digit of i(m)?
1
Let w be 1/((-2)/(-4)) - 2. Suppose w = 5*z - 0*z - 655. What is the units digit of z?
1
Let y be 1/(-3 - 93/(-30)). Let q = -4 + y. What is the units digit of (q/(-9))/((-4)/90)?
5
Suppose -f + 2*h + 26 = 0, 3*f + 2*h + 59 - 161 = 0. Suppose 0 = -6*x + 2*x - 96. Let n = x + f. What is the units digit of n?
8
Let a be (9 - 0)*(-1)/(-3). Let l(c) = 56*c - 1. What is the hundreds digit of l(a)?
1
Suppose 0 = -2*u + 415 + 207. What is the hundreds digit of u?
3
Suppose 7618 = 34*i - 17372. What is the tens digit of i?
3
Let h be -4 - -2 - 2*-1. Suppose -3*p + h*z + 18 = z, -5*z = 2*p + 1. Suppose 0 = 2*t - p*t - 15, 4*l = 4*t + 16. What is the units digit of l?
1
Let s(r) = 2*r + 44. Let n be s(-18). Suppose -4*i = -2*h, n = 2*i + 3*h - 0. Let g(w) = 37*w**3 + w**2 - w + 1. What is the units digit of g(i)?
8
Let m be (-1)/(-2*3/24). Suppose m*z + 10 = -z. What is the units digit of (-7)/(z*4/32)?
8
Let j(r) = r**3 + 8*r**2 - 6*r - 4. Let w be j(-7). Suppose 7 + 17 = m + 4*c, 5*c = 2*m - w. Suppose m = -0*u + 2*u. What is the tens digit of u?
1
Let p = 37 + -25. Let c be ((-6)/p)/(2/(-20)). Suppose c*r - 186 + 21 = 2*v, -5*r - 3*v + 140 = 0. What is the tens digit of r?
3
What is the units digit of (-793408)/(-490) + (-2)/10?
9
Suppose 2850 = 2*l + 4*b, -4279 = -3*l - 14*b + 12*b. What is the units digit of l?
7
Let s(v) = -v**2 - 2*v. Let j be s(-2). Suppose 0 = -j*n + n + 20. Let b = -9 - n. What is the tens digit of b?
1
Suppose 0 = -4*c + 4*p + 2108, 26*c - 5*p = 25*c + 519. What is the hundreds digit of c?
5
Let d(h) be the third derivative of -h**4/6 + h**3/2 - 2*h**2. What is the tens digit of d(-18)?
7
Suppose -n = -3*g + 2131 + 601, n - 3631 = -4*g. What is the hundreds digit of g?
9
Let n(z) = 6 - z**3 + 3*z**2 + 6*z - 7*z - z - 9*z**2. Let c be n(-5). Let m = -4 - c. What is the units digit of m?
5
Suppose -820 = -5*q + 1025. Suppose 5*r - 636 = 2*z, -21 - q = -3*r + 4*z. What is the tens digit of r?
2
Let l(a) = a**3 + 9*a**2 + a + 16. Let u = 67 + -76. What is the units digit of l(u)?
7
Let p be (-85)/(-3) - 4/(-6). Suppose 1 + 6 = i + a, -5*i = 2*a - p. Suppose -x + r + 44 = -2*r, -260 = -i*x - 5*r. What is the units digit of x?
0
Let t(m) = -8*m**3 - 3*m**2 - m + 5*m + 7*m**3 + 2. Let j be t(-4). Suppose b = 2*q + 47, 0 = -3*q + q + j. What is the units digit of b?
9
Let w(g) = 13*g**3 - 3*g**2 + g - 10. What is the thousands digit of w(5)?
1
Let c(t) = t**3 - 16*t**2 + 29*t - 23. Let v be c(13). What is the hundreds digit of 5/3 - (-52)/39 - v?
1
Suppose -3*f = -5*j - 5*f + 13, -5*f + 20 = 0. What is the tens digit of (1 - j)/1 + 58?
5
Suppose 0 = 24*i - 23*i - 64. What is the tens digit of i?
6
Let x(v) = -8*v**3 + 2*v**2 + 2*v + 1. Suppose 3*l + l - 4 = 0. Let j be (-3)/(2 + 1)*l. What is the units digit of x(j)?
9
Let j(f) = 3*f + 52. Let m be j(-16). Suppose -b + 503 = 4*y - 0*y, 4*y - m*b = 528. What is the units digit of y?
7
What is the hundreds digit of ((-226)/4)/(1155/(-570) - -2)?
1
Suppose -i + 4 = i. Suppose -i*m - 4*b = -324, 4*m + b = -b + 654. What is the hundreds digit of m?
1
Suppose 36*b = 13*b + 7337. What is the units digit of b?
9
Suppose 3*b + 2590 = 4*s + b, 0 = -s - b + 640. What is the tens digit of s?
4
Let f(m) = 181*m - 17. What is the units digit of f(2)?
5
Let g(b) = 2*b**3 + 11*b**2 + 5*b + 2. Let y be g(-5). Suppose y*o + p = 117, 5*o + 3*p = -0*p + 291. What is the tens digit of o?
6
Suppose -3*b - 55*v + 3878 = -57*v, 3882 = 3*b - 3*v. What is the hundreds digit of b?
2
Suppose -67 = 6*m + 47. Let i = m + 19. Suppose 4*r - 117 = f, 4*r - 2*f - 81 - 37 = i. What is the tens digit of r?
2
Let o = 153 - 139. What is the tens digit of o?
1
Suppose -852 = -6*w + 972. What is the hundreds digit of w?
3
Let n = -16 - -22. What is the units digit of (-2)/(n/3) - (2 - 19)?
6
What is the tens digit of ((-8)/(56/(-21)))/(1/225)?
7
Suppose 2*d + 0*d = 12. Suppose -d*l = -9*l + 117. What is the tens digit of l?
3
Suppose -400 = -3*d + 254. Let u = d + -148. What is the units digit of u?
0
What is the thousands digit of 1/(-1) + 58 + 1260?
1
Suppose 8*d = 3*d + 20. Let m be (0 - -125 - 0) + -1. Suppose -m = -d*y + 4. What is the units digit of y?
2
Let m = -13 - -7. Let f = 21 + m. Suppose -11*s + f = -6*s. What is the units digit of s?
3
Suppose 2*b + q - 3141 = 0, 3*b - 5*b + 3143 = -q. What is the units digit of b?
1
Suppose -2*a + 121 = 3*u, -3*a + 187 = 10*u - 11*u. What is the tens digit of a?
6
Let c = 615 + -526. What is the tens digit of c?
8
Let u = 32 - 31. Let c be 4/14 - 178/(-14). What is the tens digit of 31 + u + -16 + c?
2
Let y(q) = -20*q**3 + 2*q + 258 + 0*q**3 - 257 + q**2. What is the tens digit of y(-1)?
2
Let u = 480 + 557. What is the thousands digit of u?
1
Let n(r) = 19*r**3 + 6*r**2 - 14*r + 5. Let s be n(5). Suppose -10*k = -s - 860. What is the tens digit of k?
3
Let o = 227 - 105. What is the tens digit of o?
2
What is the units digit of 2849 - (0 - 1)/(45 + -44)?
0
Suppose 5*r = -3*h + 20656, 2727 + 17915 = 5*r - 4*h. What is the thousands digit of r?
4
Let x be (5/10)/1*2. Let u(v) = 93*v**3 + v**2 - 1. What is the units digit of u(x)?
3
Let r = 3810 + -1636. What is the hundreds digit of r?
1
Let w = 26 + -24. What is the units digit of (-1)/w*2 + 25?
4
Let d(m) = -3 - m + m**2 + 11*m - 4*m + 3*m. Let r be d(-8). Let j = 24 + r. What is the tens digit of j?
1
Let y(d) = -d**3 - 7*d**2 + 3*d + 3. Let l be y(-8). Let g = -22 + l. What is the units digit of g?
1
Let l(d) = -d - 5. Let u(g) = -g**3 - 5*g**2 + 8*g + 5. Let i be u(-6). Let b be l(i). What is the units digit of (0 - -9 - b) + -1?
6
Suppose -3*f - 590 + 2335 = 4*l, l - 5 = 0. What is the tens digit of f?
7
Let u be (((-84)/9)/2)/((-2)/87). Let z = u - 85. What is the hundreds digit of z?
1
Suppose -u + 5*g - 207 = -3*u, -2*u - 2*g + 216 = 0. What is the hundreds digit of u?
1
Let i(a) = 105*a**2 - 1. Suppose 0 = 2*g + 4 - 6. What is the units digit of i(g)?
4
Suppose 113*b + 10794 = 127*b. What is the hundreds digit of b?
7
What is the tens digit of -13 + (-42)/7 + 608?
8
Let g = -101 - -93. What is the hundreds digit of 2*(-3 - 556/g)?
1
Suppose 0 = -2*d + 3*f + 435, 5*d - 1536 + 438 = 4*f. Let c be (-4)/18 + d/27. What is the tens digit of (6 + -14)*(-18)/c?
1
What is the hundreds digit of 996 - (-1 + -44)/(-5)?
9
What is the units digit of (5 - 26/4)*113376/(-36)?
4
Let z(m) = m**2 + 20*m + 11. What is the tens digit of z(-27)?
0
Suppose 0*w + 4*u - 350 = -5*w, -w - 4*u + 54 = 0. Let a = w + -